 base 14?
14
Convert -b37 (base 12) to base 2.
-11001011011
1510313 (base 6) to base 2
10101001110100101
-26233 (base 10) to base 2
-110011001111001
What is -1144 (base 6) in base 12?
-1b4
What is 4171 (base 10) in base 12?
24b7
What is 1465b (base 13) in base 9?
57650
14519 (base 10) to base 4
3202313
-12244 (base 5) to base 14
-4bb
11001100100 (base 2) to base 9
2217
Convert 3650 (base 13) to base 16.
1df6
Convert -36a (base 12) to base 9.
-631
-336 (base 8) to base 3
-22020
6257 (base 10) to base 6
44545
-3c54 (base 13) to base 9
-12823
Convert -10d7 (base 15) to base 6.
-24321
Convert -42b4 (base 14) to base 12.
-6806
What is -220021 (base 3) in base 8?
-1217
What is 1175 (base 11) in base 14?
7b8
-32004 (base 5) to base 2
-100001010001
What is -496 (base 14) in base 12?
-644
What is 93 (base 10) in base 4?
1131
Convert -14ba (base 14) to base 5.
-104232
What is 30713 (base 8) in base 12?
7463
What is 48765 (base 11) in base 8?
210762
What is 3011 (base 6) in base 11?
546
857 (base 11) to base 10
1030
-15ad (base 16) to base 6
-41405
What is 1793 (base 11) in base 5?
33110
-327 (base 11) to base 4
-12020
What is -1768 (base 10) in base 7?
-5104
Convert 14d (base 15) to base 6.
1214
245535 (base 6) to base 16
5603
-183c4 (base 13) to base 7
-253312
Convert 16545 (base 12) to base 15.
96a2
8f79 (base 16) to base 13
13944
Convert -41 (base 16) to base 14.
-49
-31444 (base 5) to base 10
-2124
Convert -10211 (base 3) to base 6.
-251
Convert -1313 (base 6) to base 15.
-173
Convert 439 (base 14) to base 11.
69a
202 (base 4) to base 16
22
Convert -4028 (base 9) to base 13.
-1454
Convert -287c (base 15) to base 4.
-2013123
What is -338 (base 10) in base 6?
-1322
Convert 1263 (base 10) to base 2.
10011101111
What is -10182 (base 9) in base 8?
-15074
Convert 34 (base 13) to base 5.
133
Convert -12a (base 11) to base 3.
-12200
-13032 (base 4) to base 15
-20c
Convert 14ec9 (base 15) to base 4.
100132020
Convert -10101021 (base 3) to base 8.
-4640
-201221112 (base 3) to base 9
-21845
-11001110 (base 3) to base 15
-d20
What is 4610 (base 11) in base 5?
143221
What is 163a (base 16) in base 5?
140230
Convert 2120214 (base 5) to base 10.
35684
What is 14a (base 11) in base 2?
10101111
133 (base 8) to base 11
83
-1101011011111 (base 2) to base 12
-3b93
What is -6528 (base 11) in base 7?
-34064
-7125 (base 12) to base 14
-4685
-7e7 (base 16) to base 6
-13211
What is 68 (base 16) in base 9?
125
What is 3d1 (base 15) in base 8?
1547
787 (base 12) to base 2
10001010111
What is -1072 (base 13) in base 10?
-2290
What is 6aa (base 12) in base 11?
824
What is -808 (base 12) in base 9?
-1528
131616 (base 8) to base 3
2100001110
Convert -1234 (base 10) to base 12.
-86a
2011121222 (base 3) to base 8
123364
1594 (base 10) to base 12
b0a
-4012324 (base 5) to base 13
-22b6b
-2003 (base 7) to base 11
-577
Convert 317 (base 14) to base 16.
261
112011 (base 4) to base 6
10313
What is -40d (base 15) in base 13?
-553
Convert -115 (base 9) to base 2.
-1011111
Convert -555 (base 14) to base 6.
-4515
Convert 1263 (base 15) to base 6.
30050
-221031 (base 4) to base 10
-2637
What is -3830 (base 9) in base 4?
-230232
Convert -43130 (base 8) to base 12.
-a508
-35364 (base 7) to base 13
-41bb
261 (base 8) to base 10
177
What is b674 (base 12) in base 10?
19960
35362 (base 8) to base 5
440330
-b335 (base 13) to base 9
-36814
Convert 613 (base 11) to base 16.
2e4
-3885 (base 9) to base 13
-1430
What is 44443 (base 5) in base 12?
1983
What is 100101011010100 (base 2) in base 10?
19156
85448 (base 9) to base 13
1c943
1000010001 (base 2) to base 7
1354
bad9 (base 15) to base 5
2231304
What is -3430 (base 12) in base 14?
-2180
What is -1793 (base 10) in base 13?
-a7c
117547 (base 8) to base 5
2301212
What is -112111 (base 3) in base 9?
-474
Convert 111111011111 (base 2) to base 15.
130d
-637 (base 10) to base 11
-52a
689 (base 11) to base 3
1010111
-6a41 (base 12) to base 15
-37a7
What is -1000121102 (base 3) in base 6?
-233102
-645b (base 13) to base 5
-421214
What is -8a2 (base 11) in base 2?
-10000111000
Convert -292 (base 11) to base 10.
-343
What is 37352 (base 9) in base 12?
12618
212002 (base 3) to base 13
38c
-20220 (base 4) to base 10
-552
What is -3134 (base 5) in base 2?
-110100011
What is 131300 (base 4) in base 7?
5360
212302 (base 4) to base 6
15254
16463 (base 8) to base 12
43ab
3cbc (base 13) to base 2
10001001000110
Convert 1060 (base 9) to base 8.
1417
What is -1407 (base 15) in base 6?
-31454
Convert 9447 (base 10) to base 8.
22347
-3068 (base 12) to base 13
-251c
2642 (base 10) to base 15
bb2
What is -21 (base 5) in base 2?
-1011
Convert 5622 (base 11) to base 13.
34a8
What is 82a (base 16) in base 4?
200222
276b (base 13) to base 8
13042
Convert 218 (base 14) to base 2.
110011110
740 (base 11) to base 3
1020000
What is 1113041 (base 5) in base 7?
111433
-5471 (base 9) to base 11
-3037
Convert -24722 (base 8) to base 14.
-3c8a
What is 22110200 (base 3) in base 8?
14036
-3423 (base 5) to base 15
-228
What is 1101122 (base 3) in base 11?
844
Convert 110100010111 (base 2) to base 10.
3351
What is -3883 (base 14) in base 9?
-14536
Convert 1107 (base 9) to base 8.
1461
-7e (base 16) to base 9
-150
What is -11554 (base 6) in base 12?
-bba
What is -100110100111 (base 2) in base 11?
-1947
What is 1011102 (base 4) in base 8?
10522
What is 77d (base 15) in base 8?
3235
Convert 64a (base 16) to base 15.
725
Convert 203201 (base 4) to base 14.
b85
What is 2122110 (base 3) in base 10?
1929
What is 1233 (base 7) in base 3?
122020
What is 3571 (base 10) in base 14?
1431
Convert 65005 (base 7) to base 12.
93ba
-408a (base 12) to base 2
-1101101101010
What is -6571 (base 9) in base 2?
-1001011101011
Convert 1002000 (base 4) to base 8.
10200
What is 121 (base 13) in base 4?
3010
33123022 (base 4) to base 16
f6ca
What is -15b1 (base 12) in base 13?
-1237
Convert d29 (base 14) to base 6.
15545
What is -11553 (base 10) in base 16?
-2d21
Convert -3650 (base 8) to base 13.
-b7a
What is 5255 (base 7) in base 16?
73d
What is -1401 (base 16) in base 6?
-35413
-10010111010100 (base 2) to base 7
-40143
Convert -319 (base 14) to base 13.
-380
43453 (base 6) to base 5
143014
What is 10111100010100 (base 2) in base 9?
17471
What is 21204 (base 5) in base 3?
1221221
Convert 472 (base 12) to base 8.
1226
What is -1818 (base 9) in base 16?
-572
What is -12 (base 8) in base 9?
-11
What is -635 (base 7) in base 6?
-1252
Convert 13397 (base 12) to base 16.
6763
What is -2042 (base 8) in base 10?
-1058
Convert -41559 (base 10) to base 9.
-63006
Convert 5562 (base 7) to base 8.
3724
Convert 4146 (base 7) to base 5.
21310
30155 (base 7) to base 8
16174
Convert 2370 (base 9) to base 11.
1364
Convert 1340 (base 8) to base 2.
1011100000
What is -814 (base 10) in base 8?
-1456
Convert 12362 (base 8) to base 4.
1103302
What is -2ca3 (base 15) in base 3?
-111011200
What is 1445 (base 7) in base 9?
705
What is -290 (base 11) in base 6?
-1325
Convert -978 (base 10) to base 16.
-3d2
8a (base 16) to base 6
350
Convert -11212120 (base 3) to base 6.
-24240
-43004 (base 5) to base 6
-21155
Convert 8336 (base 10) to base 13.
3a43
-140000 (base 5) to base 9
-7640
48a (base 11) to base 12
406
What is 117 (base 11) in base 3?
12011
What is 1043 (base 8) in base 2?
1000100011
What is 341342 (base 6) in base 5?
1410422
-48e (base 16) to base 4
-102032
-2426 (base 10) to base 11
-1906
What is -1806 (base 10) in base 16?
-70e
2111001 (base 3) to base 10
1810
Convert -53b (base 12) to base 7.
-2144
Convert -25101 (base 7) to base 9.
-10006
30894 (base 10) to base 16
78ae
744 (base 9) to base 4
21133
342403 (base 5) to base 6
132340
What is -2002123 (base 4) in base 10?
-8347
Convert -25456 (base 14) to base 4.
-112110110
Convert 4544 (base 6) to base 14.
568
-17854 (base 10) to base 11
-12461
What is -485d (base 14) in base 2?
-11000101010011
What is -405 (base 13) in base 6?
-3053
30322 (base 4) to base 11
691
Convert -2 (base 13) to base 16.
-2
What is -1487 (base 12) in base 9?
-3264
What is 13104 (base 7) in base 12?
2023
What is 325 (base 6) in base 10?
125
-44002 (base 5) to base 7
-11516
Convert 15d86 (base 14) to base 2.
1101011000010010
Convert -14d (base 14) to base 7.
-526
What is -1221130 (base 4) in base 10?
-674